*q(x) - v(x). Give o(8).
39
Let v(h) = -3*h + 4. Suppose -5*y = -4*z - 5, -7 = -3*y + z + 3. Suppose y*r = -3*s - 0 - 17, 5*s = 5. Determine v(r).
16
Let d(f) = 807*f + 4823. Let g be d(-6). Let l(a) = -a**3 - 19*a**2 - 3*a - 45. Give l(g).
12
Let a(w) = -7 + w + 1 + 1 + 2*w. Suppose 19*j - 124 + 1986 = 0. Let i be (j/(-21) + -3)*3. Calculate a(i).
10
Let b(w) be the second derivative of w**5/20 + w**4/4 + w**3/3 + 7*w**2/2 - 2040*w. Determine b(-3).
1
Suppose -3*o + 12 = -t, -40 = -5*t - 8*o + 3*o. Let y(f) = -8*f + 10. Determine y(t).
-14
Let p(a) = a**2 + 37*a + 96. Suppose 0 = 67*t + 16 + 2262. What is p(t)?
-6
Let t(j) = -26*j + 12*j - 1 - 93*j**2 - j**3 + 97*j**2 + 10*j. Give t(4).
-17
Suppose 6*t - 66 + 36 = 0. Let k be ((-2)/t)/(21/(-315)). Let l(p) = -4*p - 3. Calculate l(k).
-27
Let i(p) = p**2 - 279 - 253 - 284 + 842 - 11*p. What is i(12)?
38
Suppose 0 = 5*v + d - 31, 20*v = 16*v - 4*d + 12. Let b(m) = -10*m**2 + 18*m - 1. Let y(h) = -7*h**2 + 12*h - 1. Let n(f) = -5*b(f) + 7*y(f). What is n(v)?
5
Let t = -94 - -187. Suppose n - 4*n - t = 0. Let h = -35 - n. Let l(p) = -p**2 - 5*p - 5. Give l(h).
-1
Let v(c) = -c**2 + 3*c + 2. Let m be ((-14)/(-3))/((-24)/36). Let k be m*(0 + (-4)/7). What is v(k)?
-2
Let o(t) be the third derivative of 1/8*t**4 + t**3 + 35 + 0*t - 1/60*t**5 - t**2. Give o(-4).
-22
Let g(z) be the second derivative of 3*z**3 + 351*z**2/2 - 1059*z + 1. What is g(-20)?
-9
Let x(q) be the first derivative of q**4/4 - 2*q**3 + 2*q**2 + 7*q + 1332. Calculate x(5).
2
Let m(w) be the second derivative of -3*w**2 + 107*w + 1/6*w**3 + 0. Give m(6).
0
Let h(b) = -5 + 5*b + 3*b**2 - 2*b**2 + 0*b**2. Let z = -553 + 545. Let l be 4/z*12*(-3)/(-3). Give h(l).
1
Let o(k) = 20*k - 18. Let q = -167 - -168. Determine o(q).
2
Let g(s) = -8*s**2 - 1. Let f(j) be the third derivative of j**4/12 + 9*j**3/2 - 450*j**2. Suppose -h = -2*u - 28, 5*u = h + 3*h - 73. Let r be f(u). Give g(r).
-9
Let p(g) be the second derivative of g**3/3 + 2*g**2 + g. Let k be -9 + (48 - (-216)/(-9)) - 7. Determine p(k).
20
Suppose -4*y - 3*h - h + 24 = 0, 0 = -5*y - h + 38. Suppose y*g = 6*g + 30. Let i be ((-46)/10 - -4)/((-3)/g). Let n(f) = -f**2 + 6*f + 1. Give n(i).
10
Let u(g) = g**2 + 6*g + 8. Let a(l) = 4*l**2 + 17*l + 22. Let x(s) = s**2 - 6*s + 3. Let m be x(0). Let z(i) = m*a(i) - 8*u(i). Calculate z(-3).
29
Let s = 66 + -64. Suppose -s*p - 7 = -17. Let l(q) = -5*q + 6. Let i(m) = 6*m - 7. Let w(j) = -3*i(j) - 4*l(j). Give w(p).
7
Let x(s) = -s**2 + 3*s**3 + 459*s + 463*s + 461*s + 451*s + 1 - 1839*s. Determine x(2).
11
Suppose h - 9 + 19 = 4*y, -3*y = -4*h + 25. Let l(c) be the second derivative of -1/12*c**4 + 0 + 0*c**2 + 1/3*c**3 + h*c. What is l(4)?
-8
Let c(u) be the second derivative of -7*u**3/6 + 127*u**2/2 - u - 219. What is c(18)?
1
Suppose 0 = -3*m + 8 + 13. Let d(q) = -5*q**3 - 4*q**2 - q - 7. Let p(z) = 12*z**3 + 7*z**2 + 2*z + 15. Let t(w) = -7*d(w) - 3*p(w). Determine t(m).
11
Let j(i) = 2*i + 106. Let m(g) = -g - 52. Let a = -574 + 561. Let o(w) = a*m(w) - 6*j(w). What is o(0)?
40
Let i = -2589 + 2582. Let y(j) be the second derivative of j**4/12 + 5*j**3/3 + 3*j**2/2 + 2*j. Let z(o) be the first derivative of y(o). What is z(i)?
-4
Let f(i) = 5*i**2 - i. Let v be ((-14)/(-49) + 20/28)*325. Suppose 319*h = v*h + 12. What is f(h)?
22
Let n(o) be the first derivative of -o**3/3 + 4*o**2 - 12*o + 331. Give n(9).
-21
Let i(t) = -2*t - 8. Let y = 193 + -95. Let n = y + -90. Suppose -2*d + n*d = -36. Give i(d).
4
Suppose 0 = 4*k - 3*k - 3. Let w(b) = 4 + 4*b**2 - 6 + 0*b**3 + b**k + 0. Let z = 46 - 50. Calculate w(z).
-2
Let v be (-2)/(-13) - 704/(-143)*2. Suppose v*g - 12 = 8. Let o(x) be the first derivative of -x**4/2 + 2*x**3/3 + x**2 + 1. Calculate o(g).
-4
Let v(s) = s**2 + 2*s - 4. Let y be v(-3). Suppose 35 = 2*z + b, -3*z + 6*z - 63 = 2*b. Let x(n) = -z - 9 + 27 + 10*n. Calculate x(y).
-11
Let o(w) = -w + 5. Let y(x) = -11*x + 28. Let p be y(2). Suppose 0 = -u + d - 6, 5*d - p = -5*u + 4*u. Determine o(u).
9
Let r(o) = -o**3 - 3*o + 6*o - 3 - o**3 - 3*o**2. Let j(p) = -2*p - 3. Let l(w) = 7*w - 49. Let s be l(7). Let a be j(s). What is r(a)?
15
Let k(s) = -10 - 8*s - 35*s - 5*s**2 - 9*s - 9*s - s**3 + 53*s. What is k(-4)?
6
Let x(y) = -y**3 - 5*y**2 - 3*y + 2. Let q(f) be the first derivative of -1/3*f**3 + 8*f**2 - 22 + 12*f. Let t be q(17). Give x(t).
17
Let z be -3*1 - 22/(5 - 16). Let c(q) = q**2 - 5*q - 6. Give c(z).
0
Suppose 3*c + 5*y - 39 = 0, -y + 6*y = 3*c - 9. Let z(r) = 13*r - 117*r**2 + 116*r**2 + 0*r + c*r - 8*r - 10. Give z(9).
26
Suppose -149*s = -177*s + 56. Let z(d) = -17*d + 13. Determine z(s).
-21
Let b(r) = -2 - 9 + 18*r - 20. Let q be b(2). Let i(a) = -a + 7. What is i(q)?
2
Let o(n) = -n. Let w(p) = -p. Let u be (-1)/((-20)/15) - 1/(-4). Let f(r) = -r**2 + 19*r - 40. Let x(b) = u*f(b) - 3*w(b). Let z be x(20). Calculate o(z).
0
Suppose j = -5*q - j + 4, -3*j + 6 = -3*q. Suppose 2 - 53 = -17*y. Let k(d) = -2 + 21*d**2 - 47*d**2 - 4*d**y + 25*d**2 + 1 + 5*d**3. Give k(q).
-1
Let m(l) = 2*l + 10*l**2 - 3*l + 12*l + 13 + l**3. Suppose 7 = -4*r - 1, 0 = -4*h - r + 18. Suppose 4*w + 5*n = -36, 2*n + 56 = -h*w + 11. What is m(w)?
-5
Let d(b) = -6*b**2 - 2*b - 1. Suppose 3*i = 5*i + 2, -6 = -m - 3*i. Let x be 42/m*(-3)/(-2). Suppose x*v = 4*v - 3. Give d(v).
-5
Let v be 3/(-2) - 39/(-2). Suppose 6 = v*x - 15*x. Let d(b) = 23 + 21 - b**x - 40. Calculate d(-4).
-12
Let r(z) be the second derivative of 12 - 3*z**2 + 4*z + 1/20*z**5 + 5/12*z**4 - z**3. Give r(-6).
-6
Let n(f) = f**3 - 7*f**2 - 14*f + 43. Suppose 5*g - 3 = -10*a + 9*a, -2*a + 5*g + 21 = 0. Calculate n(a).
-5
Let c(b) = -3*b**2 - 57*b - 240. Let m be c(-13). Let t(o) = o**3 + 5*o**2 - 17*o - 32. What is t(m)?
34
Suppose -81*g = 41*g - 610. Let d(y) be the first derivative of -y**3/3 + 7*y**2/2 - 4*y - 5. Determine d(g).
6
Let v(s) = -5*s**3 - 34*s**2 + 13*s + 37. Let u(f) = 2*f**3 + 14*f**2 - 4*f - 13. Let r(y) = -8*u(y) - 3*v(y). What is r(-9)?
-25
Let k be (-92)/966 - 164/42*1. Let i(s) = 2*s**2 - 12. Give i(k).
20
Suppose -3*n - 1 + 4 = 0. Let p(x) = -50*x**2 + 11*x + 8. Let z(c) = 7*c + 138 - 3*c - 277 + 142 - 17*c**2. Let m(o) = -3*p(o) + 8*z(o). What is m(n)?
13
Let u = 3975 - 3978. Let p(m) = 6*m**2 + 7*m + 3. Determine p(u).
36
Let c(l) be the second derivative of -l**5/20 + 3*l**4/4 - 5*l**3/6 + 13*l**2/2 + l - 6. What is c(9)?
-32
Let p(f) = -2*f**2 + 11*f + 19. Suppose 799*a = 646*a + 1224. Give p(a).
-21
Let p(z) = -3*z + 33. Let d(k) = -7*k + 125. Let x(f) = 4*d(f) - 14*p(f). Give x(-3).
-4
Let k(b) = -17*b + 498 - 298 - 232 - b**3 - 15*b**2. Give k(-14).
10
Let y = 304 - 296. Let f(l) be the first derivative of -l**2 - 6*l + 3. What is f(y)?
-22
Let a(f) be the first derivative of 5/2*f**2 - f - 2 - 1/3*f**3. Suppose 0 = -3*u - 12*u + 75. What is a(u)?
-1
Let a(z) = -z**3 - 4*z**2 - 4*z - 12. Let y = -35650 + 35646. Calculate a(y).
4
Let g(p) = 28*p + 80. Let s be g(-3). Let t(q) = 81*q**2 + 1 - 82*q**2 - 3*q + 8. Determine t(s).
5
Let z(g) = -g**3 + 5*g**2 + 17*g - 14. Let o = 4186 - 4179. What is z(o)?
7
Let v = -52 + 56. Suppose 2*l - v + 0 = 0. Let i(w) = 5*w**2 + w + 7*w**2 - 11*w**2 - l - 3*w. Give i(-2).
6
Let x be -4 - -9 - (3 - 3)/(-3). Let l(u) = u**3 + 8*u**2 - 18*u - 10. Let y(v) = -2*v**3 - 17*v**2 + 34*v + 20. Let r(q) = x*l(q) + 3*y(q). What is r(-12)?
10
Let j(m) be the first derivative of -21*m**2/2 - 268*m + 2303. What is j(-12)?
-16
Let u(a) be the second derivative of 1/12*a**4 + 1/6*a**3 - 12*a + 3/2*a**2 + 0. Suppose 0*c + 4*c = -20, 3*j - 10 = 2*c. Give u(j).
3
Suppose -n = 166 + 111. Let u = n - -277. Let l(g) be the third derivative of g**4/24 - g**3/6 + g**2. What is l(u)?
-1
Let x(a) be the second derivative of 5*a + 4*a**2 + 15 - 1/6*a**3. Let t = 7 - 14. Determine x(t).
15
Let i(k) = -3*k**2 + 32. Suppose w + 3*x = -18 + 27, -2*w - 2*x + 6 = 0. Determine i(w).
32
Let h(q) be the third derivative of q**8/6720 + q**7/1260 + q**6/720 + 8*q**4/3 + 62*q**2. Let s(j) be the second derivative of h(j). Give s(2).
18
Let z(i) = 5*i**2 + 6*i - 2. Let q(r) be the second derivative of r**4/12 + r**2/2 - 2*r. Let p(k) = 4*q(k) - z(k). Give p(-6).
6
Suppose -6*j + 2 = -5*j. Suppose -j*s = -0*s - 12. Let b(x) = -5*x**2 -